- 2 - 2*d**2 - 59*d**3 + 60*d**3. Calculate n(4).
9
Let w(d) = -d**3 + 6*d**2 + 14*d + 4. Let v(x) = 2*x**3 - 12*x**2 - 29*x - 9. Let i(r) = -4*v(r) - 9*w(r). Let b = -612 + 619. What is i(b)?
-21
Let a(p) = -6*p - 4*p - 4 + 19*p - 8*p. Let o be 75/10*2*(-8)/20. Give a(o).
-10
Let c(x) = x**3 + x**2 + 2*x + 1. Let i = 214 + -215. Determine c(i).
-1
Let n(d) be the second derivative of -d**3/6 + d**2 - 2*d. Let m(j) = -5*j - 11. Let k(i) = -4*i - 10. Let t(z) = 6*k(z) - 5*m(z). Let f be t(8). What is n(f)?
-1
Suppose 3*d = -x - 2*x - 6, -d = -x. Let v(h) = -9*h + 3. Let g = 9 + -14. Let r(l) = -13*l + 4. Let q(o) = g*r(o) + 7*v(o). Give q(x).
-1
Let a(m) be the second derivative of m**4/3 - 7*m**3/6 + 3*m**2/2 + 117*m + 1. Give a(2).
5
Let h(l) be the second derivative of -l**3/3 - 3*l**2/2 + 2*l - 2. Calculate h(-8).
13
Let t(g) = g + 9. Suppose j - 32 + 8 = 0. Suppose 0 = -4*a - 0*a + j. Let b(h) = h**3 - 5*h**2 - 7*h + 2. Let d be b(a). Determine t(d).
5
Suppose q - 8 = -0. Suppose -q*p - 2 = -2. Let o(c) = -c**2 - c + 14. What is o(p)?
14
Let o(k) = k**3 - 4*k**2 - 5*k + 4. Suppose 7 = 2*j - 3*y, -5*j = -j + 5*y - 25. What is o(j)?
4
Let z(w) be the third derivative of w**5/60 + 5*w**4/8 + 5*w**3/2 + 5*w**2. Let n be z(-14). Let a(v) = 7*v - 1. What is a(n)?
6
Let f = -18 - -10. Let n(z) = z + 10. Let h be n(f). Let w(l) = 4*l - 5*l**3 - l**2 + 6*l**3 - 2 + 1 - 2*l. What is w(h)?
7
Let n be (63/(-9) + 5)*6/4. Let q(v) = -3*v + 0*v - v**3 + v**2 - 4*v**2. Calculate q(n).
9
Suppose 0 = -2*i - x + 17, 3*i - 14 - 13 = -2*x. Let p(s) = -2*s**3 + 2 - i*s**3 + 10*s**3 + 9*s**2 + 9*s. Determine p(-8).
-6
Suppose 2*c = -3*y - 4 + 13, -2*c + 8 = 4*y. Let z(j) = -11*j**3 + 5*j**2 - 7*j + 1. Let x(o) = -o**3 + o**2 - o. Let a(b) = c*x(b) - z(b). Determine a(1).
6
Suppose 11*w - 18*w = 0. Suppose -c + 3*c = -2*h + 14, w = -2*h + 5*c. Let z(f) = -3*f + 3. Calculate z(h).
-12
Let k(y) = -2*y**3 - 3*y**2 + y + 10. Let c(d) = 3*d**3 + 6*d**2 - 2*d - 17. Let t(h) = -3*c(h) - 5*k(h). What is t(3)?
4
Let t(s) be the first derivative of s**3/3 - 6*s**2 + 22*s + 24. Let l be t(9). Let p(x) = x + 1. Determine p(l).
-4
Let a(f) = 4*f**2 - 5*f + 2. Let m(c) = -9*c**2 + 11*c - 6. Let g(t) = -5*a(t) - 2*m(t). Calculate g(3).
-7
Let y(u) = u**3 - 6*u**2 + 3*u + 1. Let t(r) = r**2 + 26*r + 50. Let x be t(-24). Let o be 5/2 + x + (-8)/(-16). Calculate y(o).
-9
Let g = 82 + -86. Let s be (g/4)/((-1)/(-5)). Let k(z) be the first derivative of -z**4/4 - 4*z**3/3 + 7*z**2/2 + 7*z - 1. What is k(s)?
-3
Let m(r) = -r**2 + 22*r - 23. Let c be m(21). Let u be (1/c)/(12/120). Let h(g) = g**2 + 5*g - 6. Give h(u).
-6
Suppose 2*z - 7 = -1. Let v(g) = g**2 + 1. Let h(s) = s**2 + s + 1. Let c(q) = 3*h(q) - 6*v(q). Give c(z).
-21
Let j(k) = k**3 - 22*k**2 - k + 20. Let n be j(22). Let c(t) = -8*t - 1. Give c(n).
15
Let v = 4 - 6. Let j = v - -3. Let i(m) = 4*m**3 - m**2 + m + 2. Let w(t) = -2*t**3 - 1. Let q(o) = -2*i(o) - 5*w(o). Determine q(j).
3
Let x(p) = -p. Let z(a) = a + 13. Let t(j) = 3*x(j) + z(j). Determine t(6).
1
Let z be ((-348)/145)/(4/(-10)). Let t(k) be the third derivative of -2*k**2 + 0 + 0*k - 1/6*k**4 - 1/15*k**5 + 0*k**3 - 1/120*k**z. Determine t(-3).
3
Let t(k) = 2*k + 11 - 2*k + 14*k - 4 + k**2. Calculate t(-13).
-6
Let c(a) = a**2 + 4*a - 12. Let y be c(-6). Let z(m) = -m**2 - m - 10. Determine z(y).
-10
Suppose -4*b - 3*h + 30 = 0, 3*b = -5*h + 3*h + 22. Let o(a) = -b*a - 4*a**2 - a**2 + 8*a + 1. What is o(-1)?
-6
Let s = -206 - -215. Let o(q) = -q + 9. What is o(s)?
0
Suppose t - 4 = -2. Let l(v) be the second derivative of -v**6/120 + v**5/12 - v**4/12 - v**2/2 - v. Let j(d) be the first derivative of l(d). What is j(t)?
8
Let p(f) = -4*f**2 - 52*f - 2. Let q(a) = a**2 + 10*a - 1. Let b(t) = -p(t) - 5*q(t). Give b(7).
-28
Let m(j) = -2*j**2 - 2*j - 1. Suppose -29 = -12*t - 65. Give m(t).
-13
Let u(w) = -w**3 + 9*w**2 + 11*w - 7. Let f(m) = -m**3 - 3*m**2 + 6. Let o be f(-2). Suppose 3 - 23 = -o*y. What is u(y)?
3
Let n(y) = y**3 + 9*y**2 - 11*y - 9. Let d be n(-10). Let a be (15/(-10) + d)*8. Let h(r) = r**3 + 5*r**2 + 3*r + 6. Give h(a).
10
Let x(p) = 70*p + 62*p - 1 - p**3 - 194*p - 4*p**2 + 61*p. What is x(-3)?
-7
Let m be (-250)/400*4/(-30). Let g(h) be the third derivative of -5*h**2 + 0*h - m*h**4 - 1/120*h**6 + 1/10*h**5 + 5/6*h**3 + 0. Give g(6).
-7
Let c(p) = 3*p - 1. Let x = -62 + 65. Suppose -y = 2*b + 8, -2*b - 12 = x*y + 4. Calculate c(y).
-13
Let u be (-16 + 9)/(-14) - 10/4. Let x(n) = n - 1. What is x(u)?
-3
Let g(n) = -5*n**3 + 66*n**2 - 28*n + 54. Let q(p) = -p**3 + 13*p**2 - 6*p + 11. Let x(h) = 2*g(h) - 11*q(h). Give x(10).
-13
Suppose 5*h - 7 = 8. Suppose 0 = -2*f + h - 11. Let o(n) = 7*n + 8 - 2 + 0*n**2 + 9*n**2 - 8*n**2. Calculate o(f).
-6
Let p(r) = -r**3 - 4*r**2 + 5*r. Let s be 0/(2 - 1) + 26. Let z = -31 + s. What is p(z)?
0
Let d(s) = 6*s**2 - 27*s + 3. Let t(h) = 4*h**2 - 18*h + 2. Let n(f) = -5*d(f) + 7*t(f). What is n(4)?
3
Suppose 5*z = 3*j - 21, 2*z = 3*j - j - 10. Suppose -6*t = -j*t - 40. Let v(w) = w**3 - 10*w**2 + 2*w - 12. Calculate v(t).
8
Let b(g) = -4*g - 2. Let m be b(-2). Let l be 2/7 + 36/21. Let j(c) = -3 - 5 + c + 3*c - l*c. What is j(m)?
4
Let i(h) = h**3 + 10*h**2 + 25*h - 1. Let f be i(-6). Let s(n) = -4*n + 7. Determine s(f).
35
Suppose -165 = -19*q + 8*q. Suppose 6*h - 9*h - q = 0. Let l(c) = 14*c - 26. Let r(d) = -5*d + 9. Let u(a) = -6*l(a) - 17*r(a). Calculate u(h).
-2
Let a(w) = w**3 - 3*w**2 - 4*w + 4. Suppose -15 = -5*z - 3*q, 3*q + 2 = 3*z + 17. Suppose z = -10*y + 6*y + 16. Determine a(y).
4
Let t(a) = -a**3 - 4*a**2 - 26. Let n be t(-5). Let v(l) = 5*l**3 + l + 1. Determine v(n).
-5
Suppose 45 - 3 = 3*t. Suppose 3*d + 2*r = -3*r - t, 5*d = 5*r + 30. Let f(h) = h**2 + 2*h + 1. Determine f(d).
9
Let v(a) = a**2 + 4*a + 4. Let x(s) = -s**2 + 7*s - 10. Let w be x(4). Suppose -2*g - g = -5*t - 20, 8 = -2*t - w*g. Calculate v(t).
4
Let l(h) = h. Let i(j) = j**2 + 7*j + 13. Suppose -2*p - u = 2*p - 16, -p = u - 4. Let o(a) = p*l(a) + i(a). Determine o(-9).
-5
Suppose -2*r - 3 = -15. Let v(c) = -c - 3 + 3 + 1. Let b(u) = u**3 - 5*u**2 - 6*u - 5. Let y(q) = -b(q) + 2*v(q). Calculate y(r).
-5
Let z(v) be the first derivative of v**4/4 - 3*v**3 + v**2 - 11*v + 88. Give z(9).
7
Let l(z) = 2*z**2 - 7*z + 6. Let g(r) = r**2 - 8*r + 4. Let n be g(8). Give l(n).
10
Suppose 0 = 3*b + 5*k - 6, -11*b + 6*b - 18 = -k. Let r(j) = 13*j + 4. Calculate r(b).
-35
Suppose 75 = 5*b + 5. Suppose -6*s = s - b. Let c(l) = l**2 + l + 4. Let j(k) = -4*k**2 - 5*k - 17. Let z(n) = -9*c(n) - 2*j(n). Give z(s).
-4
Let r(v) be the second derivative of v**6/360 - v**5/20 + 7*v**4/24 + 2*v**3/3 - 3*v. Let x(j) be the second derivative of r(j). Give x(5).
2
Let d(r) = r**2 - 38*r - 181. Let o be d(42). Let a(k) = -k**2 - 12*k + 11. Give a(o).
-2
Let p = -1672 + 1681. Let i(o) = -o**2 + 9*o - 13. Give i(p).
-13
Let x be (-1)/2 - (-54)/4. Suppose -4*l + 10 = -2*z, 4*z - x = z - l. Let t(w) = 3*w**z + 2*w + 1 + 4*w**2 - 3*w**3 + w**3 + 2. Give t(-4).
-5
Suppose -4*y = -14*t + 19*t + 53, -4*y + 2*t - 46 = 0. Let x(j) = -j**3 - 13*j**2 - 12*j + 10. Calculate x(y).
10
Let s(p) = -p + 4. Suppose 0*q = 3*q + 168. Let b = q - -51. Determine s(b).
9
Suppose h = 2*q + 100, -5*h = 4*q - 451 + 7. Let z(x) = 2*x - 92 + h - x. Calculate z(2).
2
Suppose -16*j + 67 - 99 = 0. Let m(y) = -3*y**3 - 2*y**2 + 3*y + 3. Determine m(j).
13
Suppose 2*m - 7 = 19. Let w(y) = m - 13 + 2*y. Suppose -5*g - 4*h + 14 = 0, 3*g - 7 = -g + h. What is w(g)?
4
Let g(r) be the first derivative of -r**5/60 + 7*r**4/24 - r**3/3 + 13*r**2/2 - 13. Let f(b) be the second derivative of g(b). Determine f(6).
4
Let d(r) be the second derivative of -1/12*r**4 - 1/2*r**3 + 0 + 1/10*r**5 + 13*r - 3/2*r**2. Give d(-2).
-17
Let g be (142/(-4))/(1/2). Let v = g + 73. Let p(x) = -3*x + 3. Give p(v).
-3
Let h be 12/8 + 9/2. Let w(f) = -f + 15. Let r(z) = z - 17. Let l(d) = h*r(d) + 7*w(d). What is l(4)?
-1
Suppose -3 = 4*m - 3*p + 3, 4*p - 8 = -m. Suppose -15 = -b - m*b. Suppose 3*n + b = 2*l - 0*l, -2*l - 5*n - 25 = 0. Let c(x) = x**2 + 1. Give c(l).
1
Let a = 139/6 + -463/20. Let r(x) be the third derivative of 1/3*x**4 + 0 + 3*x**2 + a*x**5 + x**3 + 0*x. Determine r(-6).
-6
Let v(s) 